lculate the remainder when 1644048 is divided by 356.
40
Calculate the remainder when 2781756 is divided by 235.
61
What is the remainder when 2450460 is divided by 6?
0
Calculate the remainder when 1009295 is divided by 242.
155
Calculate the remainder when 187975783 is divided by 57.
43
What is the remainder when 336430535 is divided by 16?
7
What is the remainder when 951327 is divided by 986?
823
What is the remainder when 25486669 is divided by 8495549?
22
What is the remainder when 69287 is divided by 2152?
423
Calculate the remainder when 11755210 is divided by 14.
12
What is the remainder when 39144 is divided by 28365?
10779
Calculate the remainder when 3074299 is divided by 30741.
199
What is the remainder when 557822 is divided by 557809?
13
What is the remainder when 93052 is divided by 30435?
1747
Calculate the remainder when 144721 is divided by 1052.
597
What is the remainder when 16898 is divided by 16680?
218
What is the remainder when 17950295 is divided by 7?
6
What is the remainder when 5427721 is divided by 1862?
1853
Calculate the remainder when 80395442 is divided by 27561.
5
What is the remainder when 47211 is divided by 484?
263
What is the remainder when 14059096 is divided by 100?
96
What is the remainder when 1267663013 is divided by 9?
8
What is the remainder when 161403239 is divided by 40350808?
7
What is the remainder when 9878566 is divided by 58?
6
Calculate the remainder when 2104212 is divided by 26974.
240
What is the remainder when 88023251 is divided by 4632802?
13
Calculate the remainder when 247404 is divided by 247336.
68
What is the remainder when 1266979 is divided by 1266942?
37
Calculate the remainder when 199782 is divided by 813.
597
Calculate the remainder when 40955361 is divided by 3063.
3051
What is the remainder when 18027 is divided by 67?
4
What is the remainder when 991744 is divided by 2142?
2140
Calculate the remainder when 8550 is divided by 2979.
2592
What is the remainder when 894496 is divided by 56?
8
What is the remainder when 205893 is divided by 205754?
139
Calculate the remainder when 23179 is divided by 1178.
797
Calculate the remainder when 12220887 is divided by 1045.
657
What is the remainder when 17798 is divided by 1263?
116
What is the remainder when 631415 is divided by 199?
187
Calculate the remainder when 285437 is divided by 8610.
1307
What is the remainder when 773063638 is divided by 90?
88
Calculate the remainder when 388113 is divided by 2098.
2081
Calculate the remainder when 1758074 is divided by 113.
20
What is the remainder when 23750691 is divided by 22?
19
Calculate the remainder when 453752 is divided by 18903.
80
What is the remainder when 424761 is divided by 2082?
33
What is the remainder when 5501788 is divided by 500159?
39
Calculate the remainder when 92725 is divided by 23177.
17
What is the remainder when 271426 is divided by 726?
628
Calculate the remainder when 112294 is divided by 11561.
8245
Calculate the remainder when 21014796 is divided by 4236.
0
What is the remainder when 40090681 is divided by 7844?
7841
What is the remainder when 56043010 is divided by 17?
11
Calculate the remainder when 4264759 is divided by 328057.
18
Calculate the remainder when 313426 is divided by 81.
37
What is the remainder when 2500197 is divided by 312519?
45
What is the remainder when 834098 is divided by 730?
438
Calculate the remainder when 10144019 is divided by 15163.
15135
What is the remainder when 515342 is divided by 6871?
17
Calculate the remainder when 2672638 is divided by 17583.
22
Calculate the remainder when 3441026 is divided by 18500.
26
What is the remainder when 4607703 is divided by 130?
113
What is the remainder when 3366516 is divided by 8?
4
What is the remainder when 60460341 is divided by 108?
105
Calculate the remainder when 606515 is divided by 43310.
175
Calculate the remainder when 1247850 is divided by 226.
104
What is the remainder when 817742 is divided by 24779?
35
Calculate the remainder when 97823608 is divided by 16303933.
10
Calculate the remainder when 35084 is divided by 30.
14
Calculate the remainder when 6101 is divided by 3012.
77
Calculate the remainder when 537196 is divided by 160.
76
Calculate the remainder when 25063097 is divided by 1414.
1361
Calculate the remainder when 122402 is divided by 375.
152
Calculate the remainder when 46837743 is divided by 6158.
6153
What is the remainder when 186560 is divided by 4649?
600
Calculate the remainder when 7199208 is divided by 49649.
103
Calculate the remainder when 22394 is divided by 3108.
638
What is the remainder when 4111288 is divided by 1731?
163
Calculate the remainder when 3932168 is divided by 2405.
2398
Calculate the remainder when 197923135 is divided by 74.
71
Calculate the remainder when 2571936 is divided by 3856.
3840
Calculate the remainder when 189698826 is divided by 1790.
1786
What is the remainder when 1023999 is divided by 160?
159
Calculate the remainder when 3807881 is divided by 49.
42
What is the remainder when 6819 is divided by 148?
11
Calculate the remainder when 16710658 is divided by 508.
506
Calculate the remainder when 26016802 is divided by 11.
9
Calculate the remainder when 1111538 is divided by 304.
114
Calculate the remainder when 219964 is divided by 27489.
52
Calculate the remainder when 41911666 is divided by 13970552.
10
What is the remainder when 86285411 is divided by 10785675?
11
What is the remainder when 1164255 is divided by 37?
13
What is the remainder when 3349654 is divided by 723?
718
Calculate the remainder when 17111 is divided by 5560.
431
Calculate the remainder when 590177 is divided by 42154.
21
Calculate the remainder when 60184 is divided by 245.
159
Calculate the remainder when 75831 is divided by 4427.
572
What is the remainder when 68480 is divided by 1999?
514
Calculate the remainder when 8808064 is divided by 122.
30
Calculate the remainder when 19782 is divided by 17838.
1944
What is the remainder when 4647182 is divided by 10236?
38
What is the remainder when 237329 is divided by 26?
1
What is the remainder when 10753 is divided by 10220?
533
What is the remainder when 34991 is divided by 4913?
600
Calculate the remainder when 206799 is divided by 70.
19
Calculate the remainder when 8648 is divided by 1660.
348
Calculate the remainder when 8557 is divided by 1904.
941
What is the remainder when 26991 is divided by 13439?
113
Calculate the remainder when 1403267170 is divided by 4123.
4120
What is the remainder when 4387140 is divided by 113?
28
Calculate the remainder when 34205 is divided by 17096.
13
Calculate the remainder when 106945 is divided by 98.
27
What is the remainder when 3679334 is divided by 1839663?
8
What is the remainder when 1455962 is divided by 727929?
104
What is the remainder when 778384927 is divided by 32?
31
Calculate the remainder when 437936 is divided by 10514.
6862
Calculate the remainder when 112179 is divided by 37391.
6
Calculate the remainder when 940778 is divided by 5.
3
Calculate the remainder when 39692727 is divided by 3679.
3675
What is the remainder when 556765 is divided by 157?
43
What is the remainder when 2175122 is divided by 2541?
26
Calculate the remainder when 202707 is divided by 67528.
123
What is the remainder when 4642705 is divided by 36?
1
What is the remainder when 53900 is divided by 52?
28
What is the remainder when 519504 is divided by 259742?
20
What is the remainder when 5116612 is divided by 19163?
91
Calculate the remainder when 20832398 is divided by 135.
8
What is the remainder when 3031467 is divided by 216533?
5
Calculate the remainder when 2603475 is divided by 867241.
1752
What is the remainder when 41110959 is divided by 48?
15
Calculate the remainder when 15472087 is divided by 5157361.
4
What is the remainder when 155897 is divided by 4585?
7
What is the remainder when 8854780 is divided by 33?
22
Calculate the remainder when 11399960 is divided by 2060.
1980
Calculate the remainder when 28319 is divided by 607.
397
What is the remainder when 6895734 is divided by 37?
7
What is the remainder when 1609610 is divided by 3?
2
What is the remainder when 66922628 is divided by 378?
374
Calculate the remainder when 83313489 is divided by